{"id":57,"date":"2008-02-13T09:24:14","date_gmt":"2008-02-13T08:24:14","guid":{"rendered":"http:\/\/volksbanken-nightcup.de\/?page_id=57"},"modified":"2022-05-12T11:17:33","modified_gmt":"2022-05-12T10:17:33","slug":"57-2","status":"publish","type":"page","link":"http:\/\/volksbanken-nightcup.de\/?page_id=57","title":{"rendered":"Volksbanken-Nightcup 2022 &#8211; Infos zur Anmeldung"},"content":{"rendered":"<p>Willkommen zum<strong> Volksbanken-Nightcup 2022<\/strong><\/p>\n<p>pr\u00e4sentiert von:<br \/>\nden Volksbanken im Kreis G\u00fctersloh, Olafs Laufladen, Brooks, Brockmeyer&#8217;s Gartencenter und der Hohenfelder Brauerei.<\/p>\n<p><strong> Nightcup-Online-Anmeldung:<\/strong>&nbsp;<a href=\"https:\/\/forms.gle\/3VTBitikBSVQJSGN8\" target=\"_blank\" style=\"font-family: var( --e-global-typography-text-font-family ), Sans-serif;\" rel=\"noopener\">https:\/\/forms.gle\/3VTBitikBSVQJSGN8<\/a><\/p>\n<p><strong>VERANSTALTUNGEN 2022<\/strong><\/p>\n<p>11. Mai 2022 &#8211; Klosterlauf Marienfeld 7,5km &#8211; Startzeit: 19.30 Uhr<br \/>\n1. Juni 2022 \u2013 Sparrenburg Bielefeld 5km \u2013 Startzeit 20:00 Uhr<br \/>\n18. Juni 2022 &#8211; Nacht von Borgholzhausen 10km &#8211; Startzeit: 21.30 Uhr<br \/>\n24. Juni 2022 &#8211; Feuerwehrlauf Oesterweg 10km &#8211; Startzeit: 19.15 Uhr<br \/>\n25. Juni 2022 &#8211; Isselhorster Nacht, 9,2km &#8211; Startzeit 21.30 Uhr<\/p>\n<p>im September &#8211; Siegerehrung Brauerei Hohenfelde &#8211; Beginn 19.30 Uhr<\/p>\n<p><strong>WERTUNG<\/strong><br \/>\nAddition der Platzziffern. 5 L\u00e4ufe &#8211; zwei Streichergebnisse. Die niedrigste Gesamtpunktzahl gewinnt.<br \/>\n<strong><br \/>\nCUP-STARTGEB\u00dcHR<\/strong><br \/>\nFr\u00fchbucherpreis bis 31. M\u00e4rz: 52,00 EUR<br \/>\nab 1. April: 60,00 EUR<\/p>\n<p><strong>Kontodaten<\/strong><br \/>\nEmpf\u00e4nger: Robert Becker &#8211; rb sport- und eventmarketing &#8211;<br \/>\nVolksbank im Ostm\u00fcnsterland<br \/>\nBIC: GENODEM1CLL\tIBAN: DE25478613170018015201<\/p>\n<p><strong>MELDESCHLUSS<\/strong>: 9. Mai 2022<\/p>\n<p><strong>TEILNEHMERLIMIT<\/strong>: 300 Personen<\/p>\n<p><strong>Teilnehmerpaket:<\/strong><br \/>\nAlle Teilnehmer erhalten eine Cup-Startnummer, eine Urkunde, ein hochwertiges Funktionslaufshirt nach der Serie und freien Eintritt zur Siegerehrungsparty, die im September stattfindet in der Brauerei Hohenfelde, Langenberg (Beginn: 19.30 Uhr).<\/p>\n<p><strong>Siegerpreise:<\/strong><br \/>\nF\u00fcr die Top 3-L\u00e4uferinnen und L\u00e4ufer gibt es einen Brooks-Laufschuh (Gutschein, einzul\u00f6sen bei Olafs Laufladen). Ausgezeichnet werden die Sieger jeder Altersklasse mit Pr\u00e4sent und einen Einkaufsgutschein. Alle Siegerpreise werden zugeschickt.<\/p>\n<p><strong>Save the date:<\/strong><br \/>\n18. B\u00f6ckstiegellauf am 24. September 2022. Die Online-Anmeldung dazu startet am 1. April.<\/p>\n<p>Bleibt gesund! Robert Becker<\/p>\n<p>Haftungsfreistellung:<br \/>\nMeine Teilnahme erfolgt auf eigene Gefahr. Den Veranstaltungen liegen die Bestimmungen des Deutschen Leichtathletik-Verbandes zu Grunde. Ersatzanspr\u00fcche an die Veranstalter schlie\u00dfe ich aus. Ich versichere, dass mein Trainings- und Gesundheitszustand den Anforderungen des Wettkampfes entspricht. Mir ist bewusst, dass mir die alleinige Verantwortung f\u00fcr die Sicherung meiner pers\u00f6nlichen Besitzgegenst\u00e4nde w\u00e4hrend der L\u00e4ufe obliegt. Ich gestatte den Veranstaltern den freien Gebrauch meines Namens und\/oder meines Bildes in Presse, Rundfunk und Fernsehen oder anderen Bereichen, soweit dies in Verbindung mit der Veranstaltung steht. Ich versichere, bei Verhinderung meine Startnummer nicht an Dritte weiterzugeben. Die Ausschreibung habe ich gelesen und erkenne sie an.<\/p>\n","protected":false},"excerpt":{"rendered":"<p>Willkommen zum Volksbanken-Nightcup 2022 pr\u00e4sentiert von: den Volksbanken im Kreis G\u00fctersloh, Olafs Laufladen, Brooks, Brockmeyer&#8217;s Gartencenter und der Hohenfelder Brauerei. Nightcup-Online-Anmeldung:&nbsp;https:\/\/forms.gle\/3VTBitikBSVQJSGN8 VERANSTALTUNGEN 2022 11. Mai 2022 &#8211; Klosterlauf Marienfeld 7,5km &#8211; Startzeit: 19.30 Uhr 1. Juni 2022 \u2013 Sparrenburg Bielefeld 5km \u2013 Startzeit 20:00 Uhr 18. Juni 2022 &#8211; Nacht von Borgholzhausen 10km &#8211; Startzeit:&hellip;&nbsp;<a href=\"http:\/\/volksbanken-nightcup.de\/?page_id=57\" class=\"\" rel=\"bookmark\">Read More &raquo;<span class=\"screen-reader-text\">Volksbanken-Nightcup 2022 &#8211; Infos zur Anmeldung<\/span><\/a><\/p>\n","protected":false},"author":2,"featured_media":1542,"parent":0,"menu_order":0,"comment_status":"open","ping_status":"open","template":"","meta":{"neve_meta_sidebar":"","neve_meta_container":"","neve_meta_enable_content_width":"","neve_meta_content_width":0,"neve_meta_title_alignment":"","neve_meta_author_avatar":"","neve_post_elements_order":"","neve_meta_disable_header":"","neve_meta_disable_footer":"","neve_meta_disable_title":"","_ti_tpc_template_sync":false,"_ti_tpc_template_id":""},"_links":{"self":[{"href":"http:\/\/volksbanken-nightcup.de\/index.php?rest_route=\/wp\/v2\/pages\/57"}],"collection":[{"href":"http:\/\/volksbanken-nightcup.de\/index.php?rest_route=\/wp\/v2\/pages"}],"about":[{"href":"http:\/\/volksbanken-nightcup.de\/index.php?rest_route=\/wp\/v2\/types\/page"}],"author":[{"embeddable":true,"href":"http:\/\/volksbanken-nightcup.de\/index.php?rest_route=\/wp\/v2\/users\/2"}],"replies":[{"embeddable":true,"href":"http:\/\/volksbanken-nightcup.de\/index.php?rest_route=%2Fwp%2Fv2%2Fcomments&post=57"}],"version-history":[{"count":65,"href":"http:\/\/volksbanken-nightcup.de\/index.php?rest_route=\/wp\/v2\/pages\/57\/revisions"}],"predecessor-version":[{"id":1957,"href":"http:\/\/volksbanken-nightcup.de\/index.php?rest_route=\/wp\/v2\/pages\/57\/revisions\/1957"}],"wp:featuredmedia":[{"embeddable":true,"href":"http:\/\/volksbanken-nightcup.de\/index.php?rest_route=\/wp\/v2\/media\/1542"}],"wp:attachment":[{"href":"http:\/\/volksbanken-nightcup.de\/index.php?rest_route=%2Fwp%2Fv2%2Fmedia&parent=57"}],"curies":[{"name":"wp","href":"https:\/\/api.w.org\/{rel}","templated":true}]}}